
List the prime factors of 1063.
1063
List the prime factors of 4248.
2, 3, 59
List the prime factors of 4190.
2, 5, 419
List the prime factors of 86532.
2, 3, 7211
List the prime factors of 1856.
2, 29
What are the prime factors of 1600?
2, 5
What are the prime factors of 1712?
2, 107
List the prime factors of 86645.
5, 13, 31, 43
What are the prime factors of 169396?
2, 42349
List the prime factors of 4968.
2, 3, 23
List the prime factors of 10683.
3, 1187
What are the prime factors of 1082?
2, 541
List the prime factors of 704.
2, 11
What are the prime factors of 598?
2, 13, 23
List the prime factors of 667.
23, 29
List the prime factors of 1200.
2, 3, 5
List the prime factors of 74643.
3, 139, 179
List the prime factors of 48264.
2, 3, 2011
List the prime factors of 1271.
31, 41
List the prime factors of 386.
2, 193
List the prime factors of 890.
2, 5, 89
List the prime factors of 5716.
2, 1429
What are the prime factors of 24325?
5, 7, 139
What are the prime factors of 9935?
5, 1987
List the prime factors of 27730.
2, 5, 47, 59
List the prime factors of 15222.
2, 3, 43, 59
What are the prime factors of 1030?
2, 5, 103
What are the prime factors of 104250?
2, 3, 5, 139
What are the prime factors of 745?
5, 149
List the prime factors of 407.
11, 37
What are the prime factors of 15559?
15559
What are the prime factors of 75?
3, 5
What are the prime factors of 32030?
2, 5, 3203
List the prime factors of 3245.
5, 11, 59
What are the prime factors of 31821?
3, 10607
List the prime factors of 4253.
4253
What are the prime factors of 21749?
7, 13, 239
What are the prime factors of 7666?
2, 3833
List the prime factors of 16442.
2, 8221
List the prime factors of 47690.
2, 5, 19, 251
What are the prime factors of 16964?
2, 4241
What are the prime factors of 237?
3, 79
What are the prime factors of 2574?
2, 3, 11, 13
List the prime factors of 964.
2, 241
What are the prime factors of 85528?
2, 10691
What are the prime factors of 865?
5, 173
What are the prime factors of 158568?
2, 3, 6607
What are the prime factors of 88414?
2, 44207
List the prime factors of 1130.
2, 5, 113
List the prime factors of 10874.
2, 5437
List the prime factors of 9004.
2, 2251
List the prime factors of 36421.
7, 11, 43
List the prime factors of 159895.
5, 113, 283
What are the prime factors of 77790?
2, 3, 5, 2593
List the prime factors of 7517.
7517
List the prime factors of 3193.
31, 103
List the prime factors of 47934.
2, 3, 2663
What are the prime factors of 19156?
2, 4789
List the prime factors of 318.
2, 3, 53
List the prime factors of 94149.
3, 11, 317
What are the prime factors of 641?
641
What are the prime factors of 397?
397
What are the prime factors of 961?
31
What are the prime factors of 34417?
127, 271
List the prime factors of 2143.
2143
List the prime factors of 4119.
3, 1373
List the prime factors of 1327.
1327
What are the prime factors of 39747?
3, 13249
What are the prime factors of 659?
659
What are the prime factors of 12577?
12577
List the prime factors of 1159.
19, 61
List the prime factors of 1161.
3, 43
What are the prime factors of 246?
2, 3, 41
List the prime factors of 2188.
2, 547
List the prime factors of 1797.
3, 599
List the prime factors of 328.
2, 41
List the prime factors of 11513.
29, 397
What are the prime factors of 1986?
2, 3, 331
List the prime factors of 1441.
11, 131
List the prime factors of 4314.
2, 3, 719
What are the prime factors of 21147?
3, 7, 19, 53
List the prime factors of 5488.
2, 7
What are the prime factors of 51727?
13, 23, 173
What are the prime factors of 2961?
3, 7, 47
List the prime factors of 2117.
29, 73
List the prime factors of 473.
11, 43
What are the prime factors of 4031?
29, 139
What are the prime factors of 3761?
3761
List the prime factors of 10453.
10453
List the prime factors of 87523.
87523
What are the prime factors of 81677?
81677
List the prime factors of 773.
773
What are the prime factors of 26359?
43, 613
List the prime factors of 13123.
11, 1193
What are the prime factors of 57618?
2, 3, 11, 97
List the prime factors of 10114.
2, 13, 389
List the prime factors of 1711.
29, 59
What are the prime factors of 1734?
2, 3, 17
What are the prime factors of 29664?
2, 3, 103
What are the prime factors of 31613?
101, 313
List the prime factors of 767.
13, 59
List the prime factors of 15734.
2, 7867
What are the prime factors of 5012?
2, 7, 179
List the prime factors of 315.
3, 5, 7
What are the prime factors of 243?
3
List the prime factors of 2749.
2749
What are the prime factors of 19361?
19, 1019
List the prime factors of 16343.
59, 277
List the prime factors of 11691.
3, 433
List the prime factors of 15776.
2, 17, 29
List the prime factors of 6501.
3, 11, 197
List the prime factors of 5196.
2, 3, 433
List the prime factors of 10563.
3, 7, 503
What are the prime factors of 797?
797
What are the prime factors of 5015?
5, 17, 59
List the prime factors of 10045.
5, 7, 41
List the prime factors of 9437.
9437
What are the prime factors of 2201?
31, 71
What are the prime factors of 152?
2, 19
What are the prime factors of 32063?
32063
List the prime factors of 635.
5, 127
List the prime factors of 2778.
2, 3, 463
What are the prime factors of 484?
2, 11
What are the prime factors of 2204?
2, 19, 29
What are the prime factors of 3309?
3, 1103
List the prime factors of 308.
2, 7, 11
List the prime factors of 7377.
3, 2459
What are the prime factors of 91?
7, 13
List the prime factors of 51408.
2, 3, 7, 17
What are the prime factors of 25849?
25849
What are the prime factors of 1557?
3, 173
List the prime factors of 90674.
2, 45337
What are the prime factors of 98238?
2, 3, 7, 2339
What are the prime factors of 661?
661
What are the prime factors of 29800?
2, 5, 149
What are the prime factors of 2728?
2, 11, 31
What are the prime factors of 792?
2, 3, 11
List the prime factors of 8103.
3, 37, 73
What are the prime factors of 836?
2, 11, 19
What are the prime factors of 104475?
3, 5, 7, 199
What are the prime factors of 1088?
2, 17
What are the prime factors of 3347?
3347
List the prime factors of 945.
3, 5, 7
List the prime factors of 79877.
7, 11411
What are the prime factors of 4065?
3, 5, 271
What are the prime factors of 30730?
2, 5, 7, 439
List the prime factors of 855.
3, 5, 19
List the prime factors of 1365.
3, 5, 7, 13
What are the prime factors of 5704?
2, 23, 31
List the prime factors of 67429.
67429
List the prime factors of 37729.
29, 1301
What are the prime factors of 280?
2, 5, 7
What are the prime factors of 676?
2, 13
List the prime factors of 26525.
5, 1061
List the prime factors of 3860.
2, 5, 193
List the prime factors of 28989.
3, 3221
List the prime factors of 1651.
13, 127
What are the prime factors of 794?
2, 397
List the prime factors of 31347.
3, 43
What are the prime factors of 2052?
2, 3, 19
What are the prime factors of 5441?
5441
What are the prime factors of 966?
2, 3, 7, 23
What are the prime factors of 19520?
2, 5, 61
List the prime factors of 10184.
2, 19, 67
List the prime factors of 952.
2, 7, 17
List the prime factors of 1290.
2, 3, 5, 43
What are the prime factors of 3642?
2, 3, 607
List the prime factors of 1729.
7, 13, 19
What are the prime factors of 2427?
3, 809
List the prime factors of 4973.
4973
What are the prime factors of 64819?
53, 1223
List the prime factors of 370.
2, 5, 37
List the prime factors of 1042.
2, 521
What are the prime factors of 1672?
2, 11, 19
List the prime factors of 828.
2, 3, 23
What are the prime factors of 1998?
2, 3, 37
List the prime factors of 76588.
2, 41, 467
List the prime factors of 33559.
37, 907
What are the prime factors of 5285?
5, 7, 151
List the prime factors of 8697.
3, 13, 223
What are the prime factors of 886?
2, 443
What are the prime factors of 9074?
2, 13, 349
What are the prime factors of 10148?
2, 43, 59
List the prime factors of 170.
2, 5, 17
What are the prime factors of 9033?
3, 3011
List the prime factors of 4531.
23, 197
List the prime factors of 165346.
2, 47, 1759
List the prime factors of 7880.
2, 5, 197
What are the prime factors of 6677?
11, 607
List the prime factors of 7941.
3, 2647
List the prime factors of 714.
2, 3, 7, 17
What are the prime factors of 6291?
3, 233
What are the prime factors of 737?